f 451366508?
0
What is the millions digit of 338748131?
8
What is the millions digit of 9488134?
9
What is the ten millions digit of 341352365?
4
What is the hundreds digit of 619873510?
5
What is the hundreds digit of 419642471?
4
What is the hundred thousands digit of 13079687?
0
What is the units digit of 225220905?
5
What is the hundreds digit of 316182119?
1
What is the hundreds digit of 3860308208?
2
What is the hundred thousands digit of 4053385358?
3
What is the units digit of 186564729?
9
What is the tens digit of 187955776?
7
What is the ten millions digit of 405768954?
0
What is the millions digit of 126735568?
6
What is the hundreds digit of 55865447?
4
What is the units digit of 7937356?
6
What is the units digit of 316345886?
6
What is the thousands digit of 28517754?
7
What is the hundred millions digit of 2934537379?
9
What is the hundred thousands digit of 74670088?
6
What is the ten millions digit of 795980243?
9
What is the hundred millions digit of 2111066157?
1
What is the millions digit of 5584443226?
4
What is the ten millions digit of 455560813?
5
What is the ten thousands digit of 769698949?
9
What is the tens digit of 6740123?
2
What is the millions digit of 220192543?
0
What is the ten millions digit of 36908082?
3
What is the hundred millions digit of 479547103?
4
What is the units digit of 237961127?
7
What is the billions digit of 2170803001?
2
What is the units digit of 97572267?
7
What is the tens digit of 227014355?
5
What is the hundred millions digit of 512170378?
5
What is the millions digit of 56993259?
6
What is the hundred thousands digit of 305648790?
6
What is the billions digit of 2402535282?
2
What is the tens digit of 1400184891?
9
What is the hundreds digit of 696661117?
1
What is the hundreds digit of 109083827?
8
What is the hundred thousands digit of 36699153?
6
What is the hundred millions digit of 263633633?
2
What is the units digit of 106718308?
8
What is the units digit of 28338298?
8
What is the tens digit of 32072493?
9
What is the hundred thousands digit of 4445735433?
7
What is the thousands digit of 1949832515?
2
What is the ten millions digit of 121710702?
2
What is the hundreds digit of 44383553?
5
What is the thousands digit of 96206715?
6
What is the ten millions digit of 211227428?
1
What is the ten thousands digit of 31121684?
2
What is the tens digit of 76401785?
8
What is the hundreds digit of 10075534?
5
What is the hundred millions digit of 191220885?
1
What is the hundred thousands digit of 132857456?
8
What is the hundred millions digit of 100260469?
1
What is the tens digit of 512349939?
3
What is the thousands digit of 18806534?
6
What is the hundred thousands digit of 2056497642?
4
What is the millions digit of 3755454903?
5
What is the thousands digit of 161619160?
9
What is the thousands digit of 61896376?
6
What is the millions digit of 1834105710?
4
What is the millions digit of 22611038?
2
What is the millions digit of 193741342?
3
What is the hundred millions digit of 277149157?
2
What is the millions digit of 5290279286?
0
What is the ten thousands digit of 3886578?
8
What is the hundred millions digit of 401585536?
4
What is the hundreds digit of 620140740?
7
What is the hundred millions digit of 4163097132?
1
What is the hundreds digit of 42578879?
8
What is the ten millions digit of 4258906954?
5
What is the thousands digit of 73973995?
3
What is the ten thousands digit of 25679706?
7
What is the hundreds digit of 18604629?
6
What is the hundreds digit of 155426044?
0
What is the thousands digit of 53790587?
0
What is the millions digit of 960522995?
0
What is the millions digit of 12430307?
2
What is the hundreds digit of 306555531?
5
What is the ten millions digit of 166161460?
6
What is the ten millions digit of 77576688?
7
What is the thousands digit of 501771838?
1
What is the ten millions digit of 450997013?
5
What is the ten thousands digit of 440601927?
0
What is the ten thousands digit of 219810203?
1
What is the units digit of 737579515?
5
What is the hundred thousands digit of 32846075?
8
What is the tens digit of 174175259?
5
What is the ten thousands digit of 683442147?
4
What is the hundred thousands digit of 6103155906?
1
What is the thousands digit of 22600176?
0
What is the ten thousands digit of 12691972?
9
What is the hundreds digit of 36655638?
6
What is the ten thousands digit of 1310342723?
4
What is the thousands digit of 46674705?
4
What is the hundred millions digit of 1972969994?
9
What is the thousands digit of 69484501?
4
What is the tens digit of 183300546?
4
What is the tens digit of 2147456055?
5
What is the units digit of 3109787585?
5
What is the thousands digit of 422505493?
5
What is the ten millions digit of 81251866?
8
What is the hundred thousands digit of 1876363472?
3
What is the ten millions digit of 1085810088?
8
What is the hundred millions digit of 190757693?
1
What is the tens digit of 177004680?
8
What is the hundred thousands digit of 47998682?
9
What is the hundreds digit of 144167806?
8
What is the thousands digit of 1903389393?
9
What is the ten thousands digit of 92114557?
1
What is the ten thousands digit of 115915489?
1
What is the hundred millions digit of 605478929?
6
What is the tens digit of 433211709?
0
What is the millions digit of 198240877?
8
What is the units digit of 76489615?
5
What is the billions digit of 1064985049?
1
What is the tens digit of 282572202?
0
What is the billions digit of 3384314798?
3
What is the ten millions digit of 93413913?
9
What is the ten millions digit of 132252020?
3
What is the millions digit of 178250832?
8
What is the billions digit of 1128055837?
1
What is the units digit of 1446081487?
7
What is the hundred thousands digit of 318790932?
7
What is the millions digit of 89179151?
9
What is the ten thousands digit of 1425454?
2
What is the units digit of 242683914?
4
What is the units digit of 490112215?
5
What is the ten thousands digit of 102770500?
7
What is the hundred millions digit of 204053763?
2
What is the ten millions digit of 69275344?
6
What is the hundred thousands digit of 29544552?
5
What is the ten millions digit of 61004700?
6
What is the units digit of 36915166?
6
What is the tens digit of 47935649?
4
What is the hundreds digit of 59029870?
8
What is the hundreds digit of 195361143?
1
What is the ten millions digit of 35805099?
3
What is the millions digit of 77888889?
7
What is the millions digit of 1242992560?
2
What is the hundreds digit of 325485374?
3
What is the units digit of 571001940?
0
What is the ten millions digit of 196040666?
9
What is the millions digit of 578325818?
8
What is the hundred thousands digit of 397450024?
4
What is the tens digit of 20881868?
6
What is the ten millions digit of 143130610?
4
What is the ten millions digit of 69718836?
6
What is the hundred millions digit of 1459824226?
4
What is the millions digit of 168583547?
8
What is the units digit of 5558343546?
6
What is the units digit of 428073161?
1
What is the tens digit of 55337128?
2
What is the hundred thousands digit of 785675731?
6
What is the thousands digit of 830603055?
3
What is the ten thousands digit of 56281403?
8
What is the ten thousands digit of 80354501?
5
What is the hundreds digit of 935484703?
7
What is the hundreds digit of 38193673?
6
What is the hundred millions digit of 347183797?
3
What is the hundred thousands digit of 1469272337?
2
What is the tens digit of 383442452?
5
What is the ten thousands digit of 39827049?
2
What is the hundreds digit of 4003669114?
1
What is the ten millions digit of 733775587?
3
What is the hundred thousands digit of 29265299?
2
What is the hundreds digit of 179661091?
0
What is the hundreds digit of 5162473473?
4
What is the tens digit of 716880579?
7
What is the hundreds digit of 11485818?
8
What is the thousands digit of 123248246?
8
What is the tens digit of 27121862?
6
What is the ten millions digit of 57205318?
5
What is the units digit of 38395763?
3
What is the thousands digit of 611701148?
1
What is the thousands digit of 24550023?
0
What is the hundred millions digit of 232998146?
2
What is the hundred thousands digit of 621612384?
6
What is the ten millions digit of 3910499150?
1
What is the billio